 prime factors of 18133379.
11, 577, 2857
List the prime factors of 645240.
2, 3, 5, 19, 283
What are the prime factors of 355210?
2, 5, 35521
What are the prime factors of 2608725?
3, 5, 7, 4969
List the prime factors of 12250758.
2, 3, 13, 157061
What are the prime factors of 4063779?
3, 199, 2269
List the prime factors of 1095606.
2, 3, 6763
List the prime factors of 24441296.
2, 11, 19, 7309
List the prime factors of 8007458.
2, 4003729
List the prime factors of 31936.
2, 499
What are the prime factors of 6025750?
2, 5, 24103
What are the prime factors of 433333?
19, 22807
List the prime factors of 13110533.
13110533
List the prime factors of 8193186.
2, 3, 455177
What are the prime factors of 10176291?
3, 1130699
List the prime factors of 22547801.
22547801
What are the prime factors of 9147144?
2, 3, 257, 1483
What are the prime factors of 890737?
890737
What are the prime factors of 153453?
3, 51151
List the prime factors of 15024.
2, 3, 313
What are the prime factors of 3221932?
2, 7, 23, 5003
What are the prime factors of 17466139?
17466139
What are the prime factors of 165447?
3, 31, 593
List the prime factors of 2316903.
3, 37, 20873
What are the prime factors of 160376?
2, 20047
What are the prime factors of 4434112?
2, 79, 877
What are the prime factors of 6441172?
2, 1610293
List the prime factors of 1077561.
3, 67, 1787
List the prime factors of 1476059.
13, 17, 6679
List the prime factors of 15921356.
2, 11, 233, 1553
What are the prime factors of 10871952?
2, 3, 7, 13, 19, 131
List the prime factors of 330267.
3, 7, 15727
List the prime factors of 1136989.
7, 59, 2753
What are the prime factors of 4949399?
7, 13, 137, 397
List the prime factors of 1100194.
2, 41, 13417
List the prime factors of 8047810.
2, 5, 47, 17123
List the prime factors of 599876.
2, 149969
What are the prime factors of 4395802?
2, 19, 115679
What are the prime factors of 140659?
140659
What are the prime factors of 90189?
3, 11, 911
What are the prime factors of 4825312?
2, 150791
List the prime factors of 5093065.
5, 1018613
What are the prime factors of 2456200?
2, 5, 12281
List the prime factors of 4732008.
2, 3, 71, 2777
What are the prime factors of 4983921?
3, 553769
What are the prime factors of 7433982?
2, 3, 257, 1607
What are the prime factors of 5857196?
2, 1464299
What are the prime factors of 3067028?
2, 766757
List the prime factors of 127043.
7, 18149
List the prime factors of 2254400.
2, 5, 1409
List the prime factors of 6618950.
2, 5, 13, 17, 599
List the prime factors of 685900.
2, 5, 19
What are the prime factors of 1262894?
2, 79, 7993
List the prime factors of 178052.
2, 7, 6359
What are the prime factors of 1662180?
2, 3, 5, 13, 2131
List the prime factors of 5300686.
2, 1231, 2153
What are the prime factors of 19379308?
2, 13, 29, 71, 181
List the prime factors of 529531.
529531
List the prime factors of 1825321.
37, 49333
List the prime factors of 280833.
3, 7, 43, 311
List the prime factors of 1721839.
7, 245977
List the prime factors of 1266358.
2, 401, 1579
List the prime factors of 23626396.
2, 17, 337, 1031
List the prime factors of 1458929.
227, 6427
What are the prime factors of 9334087?
7, 79, 16879
List the prime factors of 579070.
2, 5, 79, 733
List the prime factors of 1350725.
5, 97, 557
List the prime factors of 140684.
2, 35171
List the prime factors of 302933.
23, 13171
List the prime factors of 563078.
2, 281539
What are the prime factors of 1453661?
11, 132151
What are the prime factors of 5094150?
2, 3, 5, 33961
What are the prime factors of 5218313?
5218313
List the prime factors of 1700455.
5, 199, 1709
List the prime factors of 3633091.
7, 11, 29, 1627
List the prime factors of 895674.
2, 3, 13, 11483
List the prime factors of 5489281.
7, 784183
What are the prime factors of 29147?
29147
What are the prime factors of 9600?
2, 3, 5
What are the prime factors of 1414328?
2, 176791
What are the prime factors of 1693487?
877, 1931
What are the prime factors of 23646213?
3, 2627357
List the prime factors of 1387175.
5, 55487
What are the prime factors of 145082?
2, 7, 43, 241
What are the prime factors of 2045845?
5, 31, 67, 197
What are the prime factors of 1024563?
3, 341521
What are the prime factors of 4026394?
2, 2013197
What are the prime factors of 4795334?
2, 19, 53, 2381
List the prime factors of 366756.
2, 3, 13, 2351
What are the prime factors of 16775060?
2, 5, 37, 22669
What are the prime factors of 3322832?
2, 97, 2141
What are the prime factors of 682171?
7, 97453
List the prime factors of 8747651.
11, 37, 21493
List the prime factors of 437060.
2, 5, 13, 41
What are the prime factors of 33480380?
2, 5, 821, 2039
What are the prime factors of 3499566?
2, 3, 7, 97, 859
What are the prime factors of 1832850?
2, 3, 5, 4073
List the prime factors of 848408.
2, 11, 31, 311
What are the prime factors of 216341?
47, 4603
What are the prime factors of 453732?
2, 3, 37811
List the prime factors of 759282.
2, 3, 126547
What are the prime factors of 4822763?
11, 31, 14143
List the prime factors of 2373828.
2, 3, 337, 587
List the prime factors of 961784.
2, 120223
List the prime factors of 812538.
2, 3, 41, 367
List the prime factors of 3584757.
3, 11, 23, 4723
What are the prime factors of 265148?
2, 13, 5099
List the prime factors of 1084546.
2, 43, 12611
List the prime factors of 856300.
2, 5, 8563
List the prime factors of 16560.
2, 3, 5, 23
What are the prime factors of 761616?
2, 3, 41, 43
What are the prime factors of 40587?
3, 83, 163
List the prime factors of 794378.
2, 13, 30553
What are the prime factors of 74716?
2, 18679
What are the prime factors of 11247?
3, 23, 163
What are the prime factors of 2729454?
2, 3, 7, 13, 4999
List the prime factors of 5881627.
47, 125141
What are the prime factors of 25282?
2, 12641
List the prime factors of 8669936.
2, 11, 49261
What are the prime factors of 8471154?
2, 3, 127, 11117
What are the prime factors of 902057?
13, 69389
List the prime factors of 16980023.
59, 79, 3643
List the prime factors of 444485.
5, 88897
List the prime factors of 47656.
2, 7, 23, 37
What are the prime factors of 956280?
2, 3, 5, 13, 613
What are the prime factors of 10034801?
7, 523, 2741
What are the prime factors of 598455?
3, 5, 11, 13, 31
List the prime factors of 4372385.
5, 874477
List the prime factors of 48214.
2, 24107
List the prime factors of 9095265.
3, 5, 359, 563
What are the prime factors of 179558?
2, 89779
What are the prime factors of 8167802?
2, 4083901
List the prime factors of 28682723.
17, 19, 88801
List the prime factors of 47261.
167, 283
What are the prime factors of 12644962?
2, 11, 31, 18541
What are the prime factors of 2137231?
37, 47, 1229
What are the prime factors of 162545?
5, 19, 29, 59
What are the prime factors of 140530?
2, 5, 13, 23, 47
List the prime factors of 20644.
2, 13, 397
List the prime factors of 9278485.
5, 1855697
List the prime factors of 3190115.
5, 638023
What are the prime factors of 3490916?
2, 11, 13, 17, 359
What are the prime factors of 10515710?
2, 5, 1051571
What are the prime factors of 12187944?
2, 3, 109, 1553
What are the prime factors of 1297726?
2, 648863
What are the prime factors of 18663246?
2, 3, 7, 17, 8713
List the prime factors of 68454.
2, 3, 3803
List the prime factors of 1271797.
1271797
List the prime factors of 15526940.
2, 5, 11, 13, 61, 89
List the prime factors of 331054.
2, 165527
List the prime factors of 16286570.
2, 5, 191, 8527
What are the prime factors of 6266560?
2, 5, 19583
List the prime factors of 647241.
3, 7, 17, 37
What are the prime factors of 1161220?
2, 5, 58061
List the prime factors of 872144.
2, 7, 13, 599
List the prime factors of 109488.
2, 3, 2281
List the prime factors of 1054670.
2, 5, 105467
List the prime factors of 7934787.
3, 7, 41983
What are the prime factors of 13141155?
3, 5, 876077
List the prime factors of 9050834.
2, 13, 17, 20477
List the prime factors of 1215605.
5, 243121
List the prime factors of 2628182.
2, 41, 32051
List the prime factors of 408552.
2, 3, 29, 587
List the prime factors of 2068958.
2, 1034479
What are the prime factors of 492537?
3, 19, 8641
What are the prime factors of 794950?
2, 5, 13, 1223
List the prime factors of 15792369.
3, 67, 78569
